{"id":6541,"date":"2022-01-17T14:28:39","date_gmt":"2022-01-17T12:28:39","guid":{"rendered":"https:\/\/www.editionfredebold.de\/?post_type=product&#038;p=6541"},"modified":"2022-01-19T16:00:23","modified_gmt":"2022-01-19T14:00:23","slug":"weltklasse-2","status":"publish","type":"product","link":"https:\/\/www.editionfredebold.de\/index.php\/produkt\/weltklasse-2\/","title":{"rendered":"WELTKLASSE &#8211; eBook"},"content":{"rendered":"<p>Deutschland im Tiefschlaf \u2013 Weltklasse geht anders!<\/p>\n<p>F\u00fchlst du dich zunehmend von vorgegebenen Mustern eingeengt, von den Ver\u00e4nderungen \u00fcberw\u00e4ltigt und von der zunehmenden Flut an Vorschriften entmachtet? Hast Du das Gef\u00fchl, dass uns die Kontrolle \u00fcber unseren Planeten immer mehr entgleitet? Dass das politische Deutschland im Tiefschlaf liegt, sich im europ\u00e4ischen Phlegma ergibt und die \u201eschwarze Null\u201c zelebriert? Dass wir nicht zielgerichtet in unsere Zukunft investieren und unsere Zuversicht deshalb zusehends schwindet? Und auf den Ruck, der uns nach vorne bringt, warten wir vergebens. Woher sollte er auch kommen, wenn nicht von uns selbst?!<\/p>\n<p>Wie ein jeder von uns zu diesem notwendigen Ruck beitragen kann, ist das Thema dieses Buches. Am Beispiel seines eigenen mit \u201eFehlern und Missverst\u00e4ndnissen\u201c gespickten Weges zeigt der ehemalige Konzernmanager Oliver Gritz eine Strategie, wie Du Dich durch die Konzentration auf Deine eigenen St\u00e4rken und Neigungen in die Lage versetzt, erfolgreich und zufrieden Dein Leben zu gestalten und damit gleichzeitig Deinen besten Beitrag an die Welt zu leisten.<br \/>\nEin Buch ohne erhobenen Zeigefinger, f\u00fcr Jung und Alt, f\u00fcr M\u00e4nner und Frauen, f\u00fcr Ein- oder Aussteiger, f\u00fcr Akademiker oder Lebensk\u00fcnstler \u2013 einfach f\u00fcr alle, die mehr aus sich machen wollen.<br \/>\nDie Welt braucht Dein bestes DU!<\/p>\n<p>&nbsp;<\/p>\n","protected":false},"excerpt":{"rendered":"<p>Deutschland im Tiefschlaf \u2013 Weltklasse geht anders! F\u00fchlst du dich zunehmend von vorgegebenen Mustern eingeengt, von den Ver\u00e4nderungen \u00fcberw\u00e4ltigt und von der zunehmenden Flut an Vorschriften entmachtet? Hast Du das Gef\u00fchl, dass uns die Kontrolle \u00fcber unseren Planeten immer mehr entgleitet? Dass das politische Deutschland im Tiefschlaf liegt, sich im europ\u00e4ischen Phlegma ergibt und die [&hellip;]<\/p>\n","protected":false},"featured_media":6533,"comment_status":"closed","ping_status":"closed","template":"","meta":[],"product_brand":[],"product_cat":[174],"product_tag":[],"class_list":{"0":"post-6541","1":"product","2":"type-product","3":"status-publish","4":"has-post-thumbnail","6":"product_cat-ebook","7":"product_shipping_class-buch","9":"first","10":"instock","11":"downloadable","12":"virtual","13":"taxable","14":"purchasable","15":"product-type-simple"},"_links":{"self":[{"href":"https:\/\/www.editionfredebold.de\/index.php\/wp-json\/wp\/v2\/product\/6541","targetHints":{"allow":["GET"]}}],"collection":[{"href":"https:\/\/www.editionfredebold.de\/index.php\/wp-json\/wp\/v2\/product"}],"about":[{"href":"https:\/\/www.editionfredebold.de\/index.php\/wp-json\/wp\/v2\/types\/product"}],"replies":[{"embeddable":true,"href":"https:\/\/www.editionfredebold.de\/index.php\/wp-json\/wp\/v2\/comments?post=6541"}],"wp:featuredmedia":[{"embeddable":true,"href":"https:\/\/www.editionfredebold.de\/index.php\/wp-json\/wp\/v2\/media\/6533"}],"wp:attachment":[{"href":"https:\/\/www.editionfredebold.de\/index.php\/wp-json\/wp\/v2\/media?parent=6541"}],"wp:term":[{"taxonomy":"product_brand","embeddable":true,"href":"https:\/\/www.editionfredebold.de\/index.php\/wp-json\/wp\/v2\/product_brand?post=6541"},{"taxonomy":"product_cat","embeddable":true,"href":"https:\/\/www.editionfredebold.de\/index.php\/wp-json\/wp\/v2\/product_cat?post=6541"},{"taxonomy":"product_tag","embeddable":true,"href":"https:\/\/www.editionfredebold.de\/index.php\/wp-json\/wp\/v2\/product_tag?post=6541"}],"curies":[{"name":"wp","href":"https:\/\/api.w.org\/{rel}","templated":true}]}}