{"id":6445,"date":"2022-01-11T14:35:11","date_gmt":"2022-01-11T12:35:11","guid":{"rendered":"https:\/\/www.editionfredebold.de\/?post_type=product&#038;p=6445"},"modified":"2022-01-19T16:09:51","modified_gmt":"2022-01-19T14:09:51","slug":"mein-anderer-sohn","status":"publish","type":"product","link":"https:\/\/www.editionfredebold.de\/index.php\/produkt\/mein-anderer-sohn\/","title":{"rendered":"Mein anderer Sohn &#8211; eBook"},"content":{"rendered":"<p><strong>Als die Kuhns Antrag auf Adoption eines Kindes stellen, rechnen sie nicht mit dem, was alles auf sie zukommt.<\/strong><\/p>\n<p>B\u00fcrokratismus, kritische Pr\u00fcfungen des Jugendamtes, teilweise mit absurden Auflagen verbunden. Doch dann ist es soweit und der siebenj\u00e4hrige David wird der Familie zur vor\u00fcbergehenden Pflegschaft mit Aussicht auf eine sp\u00e4tere Adoption \u00fcbergeben.<br \/>\nDie Kuhns sind \u00fcbergl\u00fccklich, aber die Begegnung mit seiner leiblichen Familie wird zum Alptraum, David selbst ist schwer traumatisiert und seine Panikattacken ersch\u00fcttern die Familie bis in ihre Grundfeste. Trotz aller Liebe und allem Verst\u00e4ndnis, das sie David entgegenbringen, sind die Jahre bis zu seiner Vollj\u00e4hrigkeit ein einziges Auf und Ab, ein einziger Kampf um sein Vertrauen, gegen seine sp\u00e4tere Drogenabh\u00e4ngigkeit und gegen das Jugendamt, das keinerlei Hilfestellung leistet.<br \/>\nDennoch geben die Kuhns nicht auf. F\u00fcr sie ist klar: Sie werden ihren \u201eanderen Sohn\u201c nie wieder hergeben.<\/p>\n<p>Sept.2021:<\/p>\n<p>Die D\u00e4monen haben gesiegt!<br \/>\n&#8222;Mein anderer Sohn&#8220; David ist im August 2021 im Alter von 38 Jahren gestorben.<br \/>\nEs war ein langer Leidensweg mit viel Hoffnung und viel Verzweiflung.<br \/>\nIch habe ihn nicht retten k\u00f6nnen.<br \/>\nSeine Sucht war st\u00e4rker und bestimmte sein Leben.<br \/>\nAber ich bin sicher er hat nun seinen Frieden gefunden<\/p>\n<p>Hilde Kuhn<\/p>\n","protected":false},"excerpt":{"rendered":"<p>Als die Kuhns Antrag auf Adoption eines Kindes stellen, rechnen sie nicht mit dem, was alles auf sie zukommt. B\u00fcrokratismus, kritische Pr\u00fcfungen des Jugendamtes, teilweise mit absurden Auflagen verbunden. Doch dann ist es soweit und der siebenj\u00e4hrige David wird der Familie zur vor\u00fcbergehenden Pflegschaft mit Aussicht auf eine sp\u00e4tere Adoption \u00fcbergeben. Die Kuhns sind \u00fcbergl\u00fccklich, [&hellip;]<\/p>\n","protected":false},"featured_media":4850,"comment_status":"closed","ping_status":"closed","template":"","meta":[],"product_brand":[],"product_cat":[174],"product_tag":[],"class_list":{"0":"post-6445","1":"product","2":"type-product","3":"status-publish","4":"has-post-thumbnail","6":"product_cat-ebook","8":"first","9":"instock","10":"downloadable","11":"virtual","12":"taxable","13":"purchasable","14":"product-type-simple"},"_links":{"self":[{"href":"https:\/\/www.editionfredebold.de\/index.php\/wp-json\/wp\/v2\/product\/6445","targetHints":{"allow":["GET"]}}],"collection":[{"href":"https:\/\/www.editionfredebold.de\/index.php\/wp-json\/wp\/v2\/product"}],"about":[{"href":"https:\/\/www.editionfredebold.de\/index.php\/wp-json\/wp\/v2\/types\/product"}],"replies":[{"embeddable":true,"href":"https:\/\/www.editionfredebold.de\/index.php\/wp-json\/wp\/v2\/comments?post=6445"}],"wp:featuredmedia":[{"embeddable":true,"href":"https:\/\/www.editionfredebold.de\/index.php\/wp-json\/wp\/v2\/media\/4850"}],"wp:attachment":[{"href":"https:\/\/www.editionfredebold.de\/index.php\/wp-json\/wp\/v2\/media?parent=6445"}],"wp:term":[{"taxonomy":"product_brand","embeddable":true,"href":"https:\/\/www.editionfredebold.de\/index.php\/wp-json\/wp\/v2\/product_brand?post=6445"},{"taxonomy":"product_cat","embeddable":true,"href":"https:\/\/www.editionfredebold.de\/index.php\/wp-json\/wp\/v2\/product_cat?post=6445"},{"taxonomy":"product_tag","embeddable":true,"href":"https:\/\/www.editionfredebold.de\/index.php\/wp-json\/wp\/v2\/product_tag?post=6445"}],"curies":[{"name":"wp","href":"https:\/\/api.w.org\/{rel}","templated":true}]}}

<p><strong>Als die Kuhns Antrag auf Adoption eines Kindes stellen, rechnen sie nicht mit dem, was alles auf sie zukommt.</strong></p>
<p>Bürokratismus, kritische Prüfungen des Jugendamtes, teilweise mit absurden Auflagen verbunden. Doch dann ist es soweit und der siebenjährige David wird der Familie zur vorübergehenden Pflegschaft mit Aussicht auf eine spätere Adoption übergeben.<br />
Die Kuhns sind überglücklich, aber die Begegnung mit seiner leiblichen Familie wird zum Alptraum, David selbst ist schwer traumatisiert und seine Panikattacken erschüttern die Familie bis in ihre Grundfeste. Trotz aller Liebe und allem Verständnis, das sie David entgegenbringen, sind die Jahre bis zu seiner Volljährigkeit ein einziges Auf und Ab, ein einziger Kampf um sein Vertrauen, gegen seine spätere Drogenabhängigkeit und gegen das Jugendamt, das keinerlei Hilfestellung leistet.<br />
Dennoch geben die Kuhns nicht auf. Für sie ist klar: Sie werden ihren „anderen Sohn“ nie wieder hergeben.</p>
<p>Sept.2021:</p>
<p>Die Dämonen haben gesiegt!<br />
&#8222;Mein anderer Sohn&#8220; David ist im August 2021 im Alter von 38 Jahren gestorben.<br />
Es war ein langer Leidensweg mit viel Hoffnung und viel Verzweiflung.<br />
Ich habe ihn nicht retten können.<br />
Seine Sucht war stärker und bestimmte sein Leben.<br />
Aber ich bin sicher er hat nun seinen Frieden gefunden</p>
<p>Hilde Kuhn</p>

<p>Als die Kuhns Antrag auf Adoption eines Kindes stellen, rechnen sie nicht mit dem, was alles auf sie zukommt. Bürokratismus, kritische Prüfungen des Jugendamtes, teilweise mit absurden Auflagen verbunden. Doch dann ist es soweit und der siebenjährige David wird der Familie zur vorübergehenden Pflegschaft mit Aussicht auf eine spätere Adoption übergeben. Die Kuhns sind überglücklich, [&hellip;]</p>
